{"id":49,"date":"2025-12-03T17:25:12","date_gmt":"2025-12-03T17:25:12","guid":{"rendered":"https:\/\/bafoucollection.com\/?page_id=49"},"modified":"2025-12-17T20:25:49","modified_gmt":"2025-12-17T20:25:49","slug":"news","status":"publish","type":"page","link":"https:\/\/bafoucollection.com\/?page_id=49","title":{"rendered":"toutes les Actualit\u00e9s sur bafou Collection"},"content":{"rendered":"\n<div class=\"wp-block-query is-layout-flow wp-block-query-is-layout-flow\"><ul class=\"wp-block-post-template is-layout-flow wp-block-post-template-is-layout-flow\"><li class=\"wp-block-post post-102 post type-post status-publish format-standard has-post-thumbnail hentry category-category6\">\n<h2 class=\"wp-block-post-title\"><a href=\"https:\/\/bafoucollection.com\/?p=102\" target=\"_self\" >Salon International des Mines 2025<\/a><\/h2>\n\n<figure class=\"alignwide wp-block-post-featured-image\"><a href=\"https:\/\/bafoucollection.com\/?p=102\" target=\"_self\"  ><img loading=\"lazy\" decoding=\"async\" width=\"930\" height=\"485\" src=\"https:\/\/bafoucollection.com\/wp-content\/uploads\/2025\/12\/FB_IMG_1765978141916.jpg\" class=\"attachment-post-thumbnail size-post-thumbnail wp-post-image\" alt=\"Salon International des Mines 2025\" style=\"object-fit:cover;\" srcset=\"https:\/\/bafoucollection.com\/wp-content\/uploads\/2025\/12\/FB_IMG_1765978141916.jpg 930w, https:\/\/bafoucollection.com\/wp-content\/uploads\/2025\/12\/FB_IMG_1765978141916-300x156.jpg 300w, https:\/\/bafoucollection.com\/wp-content\/uploads\/2025\/12\/FB_IMG_1765978141916-768x401.jpg 768w, https:\/\/bafoucollection.com\/wp-content\/uploads\/2025\/12\/FB_IMG_1765978141916-600x313.jpg 600w\" sizes=\"auto, (max-width: 930px) 100vw, 930px\" \/><\/a><\/figure>\n\n<div class=\"wp-block-post-excerpt\"><p class=\"wp-block-post-excerpt__excerpt\"> <\/p><\/div>\n\n\n<hr class=\"wp-block-separator has-css-opacity\"\/>\n\n\n<div class=\"wp-block-post-date\"><time datetime=\"2025-12-03T17:25:17+00:00\">d\u00e9cembre 3, 2025<\/time><\/div>\n<\/li><li class=\"wp-block-post post-100 post type-post status-publish format-standard has-post-thumbnail hentry category-category6\">\n<h2 class=\"wp-block-post-title\"><a href=\"https:\/\/bafoucollection.com\/?p=100\" target=\"_self\" >Journ\u00e9e du Contenu Locale 2025<\/a><\/h2>\n\n<figure class=\"alignwide wp-block-post-featured-image\"><a href=\"https:\/\/bafoucollection.com\/?p=100\" target=\"_self\"  ><img loading=\"lazy\" decoding=\"async\" width=\"2048\" height=\"1209\" src=\"https:\/\/bafoucollection.com\/wp-content\/uploads\/2025\/12\/FB_IMG_1765978093005.jpg\" class=\"attachment-post-thumbnail size-post-thumbnail wp-post-image\" alt=\"Journ\u00e9e du Contenu Locale 2025\" style=\"object-fit:cover;\" srcset=\"https:\/\/bafoucollection.com\/wp-content\/uploads\/2025\/12\/FB_IMG_1765978093005.jpg 2048w, https:\/\/bafoucollection.com\/wp-content\/uploads\/2025\/12\/FB_IMG_1765978093005-300x177.jpg 300w, https:\/\/bafoucollection.com\/wp-content\/uploads\/2025\/12\/FB_IMG_1765978093005-1024x605.jpg 1024w, https:\/\/bafoucollection.com\/wp-content\/uploads\/2025\/12\/FB_IMG_1765978093005-768x453.jpg 768w, https:\/\/bafoucollection.com\/wp-content\/uploads\/2025\/12\/FB_IMG_1765978093005-1536x907.jpg 1536w, https:\/\/bafoucollection.com\/wp-content\/uploads\/2025\/12\/FB_IMG_1765978093005-600x354.jpg 600w\" sizes=\"auto, (max-width: 2048px) 100vw, 2048px\" \/><\/a><\/figure>\n\n<div class=\"wp-block-post-excerpt\"><p class=\"wp-block-post-excerpt__excerpt\">Bafou Collection a particip\u00e9 \u00e0 la 4\u00e8me \u00e9dition de la journ\u00e9e du contenu local consacr\u00e9e [&hellip;] <\/p><\/div>\n\n\n<hr class=\"wp-block-separator has-css-opacity\"\/>\n\n\n<div class=\"wp-block-post-date\"><time datetime=\"2025-12-03T17:25:17+00:00\">d\u00e9cembre 3, 2025<\/time><\/div>\n<\/li><li class=\"wp-block-post post-94 post type-post status-publish format-standard has-post-thumbnail hentry category-category5\">\n<h2 class=\"wp-block-post-title\"><a href=\"https:\/\/bafoucollection.com\/?p=94\" target=\"_self\" >Octobre Rose: Lutte contre le cancer du sein et du col de l&rsquo;ut\u00e9rus.<\/a><\/h2>\n\n<figure class=\"alignwide wp-block-post-featured-image\"><a href=\"https:\/\/bafoucollection.com\/?p=94\" target=\"_self\"  ><img loading=\"lazy\" decoding=\"async\" width=\"1080\" height=\"858\" src=\"https:\/\/bafoucollection.com\/wp-content\/uploads\/2025\/12\/bafou-collection-lutte-contre-le-cancer-du-sein.jpg\" class=\"attachment-post-thumbnail size-post-thumbnail wp-post-image\" alt=\"Octobre Rose: Lutte contre le cancer du sein et du col de l&rsquo;ut\u00e9rus.\" style=\"object-fit:cover;\" srcset=\"https:\/\/bafoucollection.com\/wp-content\/uploads\/2025\/12\/bafou-collection-lutte-contre-le-cancer-du-sein.jpg 1080w, https:\/\/bafoucollection.com\/wp-content\/uploads\/2025\/12\/bafou-collection-lutte-contre-le-cancer-du-sein-300x238.jpg 300w, https:\/\/bafoucollection.com\/wp-content\/uploads\/2025\/12\/bafou-collection-lutte-contre-le-cancer-du-sein-1024x814.jpg 1024w, https:\/\/bafoucollection.com\/wp-content\/uploads\/2025\/12\/bafou-collection-lutte-contre-le-cancer-du-sein-768x610.jpg 768w, https:\/\/bafoucollection.com\/wp-content\/uploads\/2025\/12\/bafou-collection-lutte-contre-le-cancer-du-sein-600x477.jpg 600w\" sizes=\"auto, (max-width: 1080px) 100vw, 1080px\" \/><\/a><\/figure>\n\n<div class=\"wp-block-post-excerpt\"><p class=\"wp-block-post-excerpt__excerpt\">Toutes ensemble et mobilis\u00e9es pour faire barri\u00e8re aux cancers du sein et du col de [&hellip;] <\/p><\/div>\n\n\n<hr class=\"wp-block-separator has-css-opacity\"\/>\n\n\n<div class=\"wp-block-post-date\"><time datetime=\"2025-12-03T17:25:16+00:00\">d\u00e9cembre 3, 2025<\/time><\/div>\n<\/li><\/ul><\/div>\n","protected":false},"excerpt":{"rendered":"","protected":false},"author":1,"featured_media":0,"parent":0,"menu_order":0,"comment_status":"closed","ping_status":"closed","template":"","meta":{"_regular_price":[],"currency_symbol":[],"footnotes":""},"class_list":["post-49","page","type-page","status-publish","hentry"],"post_slider_layout_featured_media_urls":{"thumbnail":"","post_slider_layout_landscape_large":"","post_slider_layout_portrait_large":"","post_slider_layout_square_large":"","post_slider_layout_landscape":"","post_slider_layout_portrait":"","post_slider_layout_square":"","full":""},"yoast_head":"<!-- This site is optimized with the Yoast SEO plugin v26.9 - https:\/\/yoast.com\/product\/yoast-seo-wordpress\/ -->\n<title>toutes les Actualit\u00e9s sur bafou Collection - Bafou Collection<\/title>\n<meta name=\"robots\" content=\"index, follow, max-snippet:-1, max-image-preview:large, max-video-preview:-1\" \/>\n<link rel=\"canonical\" href=\"https:\/\/bafoucollection.com\/?page_id=49\" \/>\n<meta property=\"og:locale\" content=\"fr_FR\" \/>\n<meta property=\"og:type\" content=\"article\" \/>\n<meta property=\"og:title\" content=\"toutes les Actualit\u00e9s sur bafou Collection - Bafou Collection\" \/>\n<meta property=\"og:url\" content=\"https:\/\/bafoucollection.com\/?page_id=49\" \/>\n<meta property=\"og:site_name\" content=\"Bafou Collection\" \/>\n<meta property=\"article:modified_time\" content=\"2025-12-17T20:25:49+00:00\" \/>\n<meta name=\"twitter:card\" content=\"summary_large_image\" \/>\n<script type=\"application\/ld+json\" class=\"yoast-schema-graph\">{\"@context\":\"https:\/\/schema.org\",\"@graph\":[{\"@type\":\"WebPage\",\"@id\":\"https:\/\/bafoucollection.com\/?page_id=49\",\"url\":\"https:\/\/bafoucollection.com\/?page_id=49\",\"name\":\"toutes les Actualit\u00e9s sur bafou Collection - Bafou Collection\",\"isPartOf\":{\"@id\":\"https:\/\/bafoucollection.com\/#website\"},\"datePublished\":\"2025-12-03T17:25:12+00:00\",\"dateModified\":\"2025-12-17T20:25:49+00:00\",\"breadcrumb\":{\"@id\":\"https:\/\/bafoucollection.com\/?page_id=49#breadcrumb\"},\"inLanguage\":\"fr-FR\",\"potentialAction\":[{\"@type\":\"ReadAction\",\"target\":[\"https:\/\/bafoucollection.com\/?page_id=49\"]}]},{\"@type\":\"BreadcrumbList\",\"@id\":\"https:\/\/bafoucollection.com\/?page_id=49#breadcrumb\",\"itemListElement\":[{\"@type\":\"ListItem\",\"position\":1,\"name\":\"Accueil\",\"item\":\"https:\/\/bafoucollection.com\/\"},{\"@type\":\"ListItem\",\"position\":2,\"name\":\"toutes les Actualit\u00e9s sur bafou Collection\"}]},{\"@type\":\"WebSite\",\"@id\":\"https:\/\/bafoucollection.com\/#website\",\"url\":\"https:\/\/bafoucollection.com\/\",\"name\":\"Bafou Collection\",\"description\":\"Couture Industrielle\",\"publisher\":{\"@id\":\"https:\/\/bafoucollection.com\/#organization\"},\"potentialAction\":[{\"@type\":\"SearchAction\",\"target\":{\"@type\":\"EntryPoint\",\"urlTemplate\":\"https:\/\/bafoucollection.com\/?s={search_term_string}\"},\"query-input\":{\"@type\":\"PropertyValueSpecification\",\"valueRequired\":true,\"valueName\":\"search_term_string\"}}],\"inLanguage\":\"fr-FR\"},{\"@type\":\"Organization\",\"@id\":\"https:\/\/bafoucollection.com\/#organization\",\"name\":\"Bafou Collection\",\"url\":\"https:\/\/bafoucollection.com\/\",\"logo\":{\"@type\":\"ImageObject\",\"inLanguage\":\"fr-FR\",\"@id\":\"https:\/\/bafoucollection.com\/#\/schema\/logo\/image\/\",\"url\":\"https:\/\/bafoucollection.com\/wp-content\/uploads\/2025\/12\/cropped-logo-blanc-bafou.png\",\"contentUrl\":\"https:\/\/bafoucollection.com\/wp-content\/uploads\/2025\/12\/cropped-logo-blanc-bafou.png\",\"width\":499,\"height\":499,\"caption\":\"Bafou Collection\"},\"image\":{\"@id\":\"https:\/\/bafoucollection.com\/#\/schema\/logo\/image\/\"}}]}<\/script>\n<!-- \/ Yoast SEO plugin. -->","yoast_head_json":{"title":"toutes les Actualit\u00e9s sur bafou Collection - Bafou Collection","robots":{"index":"index","follow":"follow","max-snippet":"max-snippet:-1","max-image-preview":"max-image-preview:large","max-video-preview":"max-video-preview:-1"},"canonical":"https:\/\/bafoucollection.com\/?page_id=49","og_locale":"fr_FR","og_type":"article","og_title":"toutes les Actualit\u00e9s sur bafou Collection - Bafou Collection","og_url":"https:\/\/bafoucollection.com\/?page_id=49","og_site_name":"Bafou Collection","article_modified_time":"2025-12-17T20:25:49+00:00","twitter_card":"summary_large_image","schema":{"@context":"https:\/\/schema.org","@graph":[{"@type":"WebPage","@id":"https:\/\/bafoucollection.com\/?page_id=49","url":"https:\/\/bafoucollection.com\/?page_id=49","name":"toutes les Actualit\u00e9s sur bafou Collection - Bafou Collection","isPartOf":{"@id":"https:\/\/bafoucollection.com\/#website"},"datePublished":"2025-12-03T17:25:12+00:00","dateModified":"2025-12-17T20:25:49+00:00","breadcrumb":{"@id":"https:\/\/bafoucollection.com\/?page_id=49#breadcrumb"},"inLanguage":"fr-FR","potentialAction":[{"@type":"ReadAction","target":["https:\/\/bafoucollection.com\/?page_id=49"]}]},{"@type":"BreadcrumbList","@id":"https:\/\/bafoucollection.com\/?page_id=49#breadcrumb","itemListElement":[{"@type":"ListItem","position":1,"name":"Accueil","item":"https:\/\/bafoucollection.com\/"},{"@type":"ListItem","position":2,"name":"toutes les Actualit\u00e9s sur bafou Collection"}]},{"@type":"WebSite","@id":"https:\/\/bafoucollection.com\/#website","url":"https:\/\/bafoucollection.com\/","name":"Bafou Collection","description":"Couture Industrielle","publisher":{"@id":"https:\/\/bafoucollection.com\/#organization"},"potentialAction":[{"@type":"SearchAction","target":{"@type":"EntryPoint","urlTemplate":"https:\/\/bafoucollection.com\/?s={search_term_string}"},"query-input":{"@type":"PropertyValueSpecification","valueRequired":true,"valueName":"search_term_string"}}],"inLanguage":"fr-FR"},{"@type":"Organization","@id":"https:\/\/bafoucollection.com\/#organization","name":"Bafou Collection","url":"https:\/\/bafoucollection.com\/","logo":{"@type":"ImageObject","inLanguage":"fr-FR","@id":"https:\/\/bafoucollection.com\/#\/schema\/logo\/image\/","url":"https:\/\/bafoucollection.com\/wp-content\/uploads\/2025\/12\/cropped-logo-blanc-bafou.png","contentUrl":"https:\/\/bafoucollection.com\/wp-content\/uploads\/2025\/12\/cropped-logo-blanc-bafou.png","width":499,"height":499,"caption":"Bafou Collection"},"image":{"@id":"https:\/\/bafoucollection.com\/#\/schema\/logo\/image\/"}}]}},"_links":{"self":[{"href":"https:\/\/bafoucollection.com\/index.php?rest_route=\/wp\/v2\/pages\/49","targetHints":{"allow":["GET"]}}],"collection":[{"href":"https:\/\/bafoucollection.com\/index.php?rest_route=\/wp\/v2\/pages"}],"about":[{"href":"https:\/\/bafoucollection.com\/index.php?rest_route=\/wp\/v2\/types\/page"}],"author":[{"embeddable":true,"href":"https:\/\/bafoucollection.com\/index.php?rest_route=\/wp\/v2\/users\/1"}],"replies":[{"embeddable":true,"href":"https:\/\/bafoucollection.com\/index.php?rest_route=%2Fwp%2Fv2%2Fcomments&post=49"}],"version-history":[{"count":7,"href":"https:\/\/bafoucollection.com\/index.php?rest_route=\/wp\/v2\/pages\/49\/revisions"}],"predecessor-version":[{"id":301,"href":"https:\/\/bafoucollection.com\/index.php?rest_route=\/wp\/v2\/pages\/49\/revisions\/301"}],"wp:attachment":[{"href":"https:\/\/bafoucollection.com\/index.php?rest_route=%2Fwp%2Fv2%2Fmedia&parent=49"}],"curies":[{"name":"wp","href":"https:\/\/api.w.org\/{rel}","templated":true}]}}